*a + a**2 - 2. Let y(i) = 6*i**2 + 30*i - 34. Let q(b) = -11*c(b) + 2*y(b). Let p = -21 + 27. Determine q(p).
9
Suppose 170*z - 24 = 175*z - 4. Let t(s) = -2*s**3 - 5*s**2 - 5*s + 3. Calculate t(z).
71
Let w be (12/(-9))/(-1*(-4)/(-12)). Let l(f) = 1 - 7*f - f**2 + w*f + 3*f - 5*f. Let i(n) = -n**3 - 5*n**2 + 6*n - 7. Let j be i(-6). Determine l(j).
-13
Let r(h) = -5*h - 62. Let m be r(-13). Let v(b) be the third derivative of -b**5/60 + b**4/8 - 191*b**2. What is v(m)?
0
Let u(a) be the first derivative of a**2 - 4*a - 317. Determine u(7).
10
Let x(i) = i**3 - 9*i**2 - 9*i - 9. Let s be x(10). Suppose 40 = 2*k - 4*q, 2*k - 26 - 11 = 5*q. Let f(h) = -k*h + h**2 + 26*h + 0*h**2. What is f(s)?
1
Let r(o) = o**2 - 7*o - 16. Suppose 0 = -2*i - 2, -3*j - i = -2*i - 25. Let a be r(j). Let c be (-3 + 6)/(12/a). Let k(x) = x**3 + x**2 - x - 1. Give k(c).
-3
Let m(x) = -x + 11. Let j be (-4 - 3) + (-11 - -5). Calculate m(j).
24
Let h(n) = 2*n**2 - 13*n - 6. Let k be h(11). Let y = k - 65. Suppose -6*q = -10*q - y. Let i(d) = d + 3. Determine i(q).
-4
Let q be (-1 + -1 - -17) + (-21 - -19). Suppose q*v - 548 = 9*v. Let m(s) = -v*s - 3 + 138*s - 4 + 1. Calculate m(5).
-1
Let f(g) = 5645*g**3 + 14 - 5646*g**3 - 3*g**2 + 8*g + 6*g**2. Determine f(5).
4
Suppose 0 = -4*s + 36 - 16, -t - 2*s = -4. Let f(x) be the second derivative of -x**3/6 - x**2/2 - 4*x. Calculate f(t).
5
Let g(x) = 239 - 85 - 95 - 83 + 4*x. Determine g(16).
40
Suppose 0 = -5*q + f - 64, -q - 2*f + 1 = 5. Let b(v) = -27053*v + 15 - 27057*v + 54111*v. What is b(q)?
3
Suppose -9*g - v + 5 = -7*g, 2*g - 1 = 3*v. Let r(c) = -4*c**g - 8*c**2 - 3*c + 13*c**2 + 0*c**2 + 2*c**3 - 4. What is r(-2)?
-10
Let d(p) = -3*p - 8. Let n(m) = -m**3 + 22*m**2 - 105*m. Let a be n(15). Calculate d(a).
-8
Let u(v) = -v**3 + 877 + v - v**2 - 2*v**2 - 883. Calculate u(0).
-6
Let f(d) = 27*d**2 - d + 2. Let v(h) = 170*h**2 - 5*h + 10. Let w(c) = 6*f(c) - v(c). Determine w(2).
-32
Let i(s) = -212 + 54 + 37 - 4*s**2 - 46*s + 58. Determine i(-10).
-3
Suppose -m - 1 = -3*s, -2*s - 2*s + 4 = -4*m. Let o(r) be the first derivative of r**3/3 - r**2/2 + 6*r - 537. Calculate o(s).
6
Let z(h) = -h**3 - h**2 + 12. Let l be z(0). Let f(w) be the second derivative of -w**5/20 + 11*w**4/12 + 2*w**3 - 5*w**2/2 - 126573*w. Calculate f(l).
-5
Let k(d) = d**2 + 2*d. Let p(s) = -3*s**2 - 3*s - 91. Let z(g) = -4*k(g) - p(g). Let q be z(-13). Let i(r) = -r - 16. Determine i(q).
-3
Let l(k) = -9*k - 3. Let t(n) be the second derivative of 11*n**3/6 + 3*n**2/2 - n - 10. Let s(g) = 5*l(g) + 4*t(g). Let j = -3 - -3. Determine s(j).
-3
Let s be (18/30)/(-8 - 581/(-70)) - 7. Let h(m) = -2*m**2 - 12*m - 10. Give h(s).
0
Let b be 260 + -2 + (2 - -2). Let q = b - 259. Let l(w) = 3*w - 5. Calculate l(q).
4
Suppose 0 = -3*o + 5*y + 26, 68 = o + 5*y + 66. Let s(c) = c**3 - 6*c**2 - 5*c - 16. Determine s(o).
-2
Let n = 325 + -323. Let c(t) = -4*t**2 - 22*t + 18. Let s(h) = -h**2 - 7*h + 6. Let l(z) = n*c(z) - 7*s(z). Calculate l(5).
-6
Suppose 5 = 3*f + 2. Let i(v) = 3*v + 7 - f + 2*v**3 + 6*v**2 - v**3. Let r = 5163 - 5169. Give i(r).
-12
Suppose 210*a + 3894 = 534. Let y(r) = r**3 + 15*r**2 - 17*r + 4. Calculate y(a).
20
Let k(s) = 311*s - 1244. Let l be k(4). Let b(u) be the third derivative of 0*u**5 + 11*u**2 + 1/8*u**4 + 1/120*u**6 + l*u - 1/3*u**3 + 0. What is b(2)?
12
Let f(u) = -u**3 + 15*u**2 + 16*u + 2. Let t be f(16). Let n(y) = 4*y**3 - y**2 + 2*y**2 + t*y**3 - 8*y**3. Let k = 5 + -3. What is n(k)?
-12
Suppose -4*a + 4*b - 8*b + 24 = 0, b = 0. Let g(u) = -24 + 7 + a - 5*u + 10. Suppose -1 = s - 2*s. Give g(s).
-6
Let k be (-352)/(-22) - 46 - -13. Let z(l) = l**3 + 18*l**2 + 22*l + 78. Give z(k).
-7
Let d(j) = j**3 + 7*j**2 + 9*j + 12. Let n be (-261)/18 + 14 - 11/4*2. Give d(n).
-6
Let s(i) = -2*i + 2. Let o(z) = 2*z - 3. Let j(d) = 3*o(d) + 4*s(d). Let f(b) = -4*b**3 - 144*b**2 - 2*b - 78. Let l be f(-36). Calculate j(l).
11
Let m = -86 + 95. Let a(w) be the second derivative of 0 - 7/6*w**3 - 2/3*w**4 - 6*w + 1/20*w**5 - 13/2*w**2. Determine a(m).
5
Let n = 243 - 241. Suppose -l = -5*r + 65, -n*l = -4*r + 22 + 30. Let i(a) = -a**3 + 14*a**2 - 14*a + 16. What is i(r)?
3
Let x be (-42)/(-56)*(-16)/(-6). Let c(u) = 3*u + 10 + 11*u**x - 3*u**2 + 0*u**2 + u**3. Determine c(-7).
38
Let b(g) = -g + 4. Let x be (-3)/(0 + (-1)/16). Suppose -u + 103 = x. Suppose 0 = u*f - 51*f - 32. Calculate b(f).
-4
Let c(a) = -572*a - 580*a + 1151*a + 16. Let n be 12/10*(100/(-15))/(-1). What is c(n)?
8
Suppose 3*d - 230 = -221. Let q(z) = -2*z**3 + z**2 + 4*z + 1. Calculate q(d).
-32
Let d(t) be the third derivative of -t**2 + 5/6*t**3 - 13 + 3/8*t**4 + 1/60*t**5 + 0*t. Determine d(-7).
-9
Let s = -800 - -805. Let g(d) = 5*d**2 - 9*d + 10. Let f(r) = -6*r**2 + 10*r - 13. Let t(n) = 4*f(n) + 5*g(n). Give t(s).
-2
Suppose -52*k = -50*k - 5*x - 1, -5*x + 7 = -k. Let t(r) = -3*r**2 + 26*r - 23. Give t(k).
-7
Let i(j) = -2*j + 9. Let z = -8 - -8. Let d be 1*(-2)/(1 + -3). Suppose z = -2*b + b + d, 32 = 5*q - 3*b. What is i(q)?
-5
Suppose 39 = -3*g + 7*i - 4*i, 1 = -i. Let n(t) = -t**2 - 10*t + 35. Determine n(g).
-21
Let w(i) be the first derivative of -i**4/4 - 5*i**3/3 + 8*i**2 + 10*i + 1176. Give w(-7).
-4
Let o(a) be the first derivative of 2*a**3/3 - 3*a**2/2 + 2*a + 1305. What is o(3)?
11
Let x(n) = -3*n**3 + 5*n**2 + 4*n**3 + 7 - 56*n + 50*n. What is x(-6)?
7
Let s(c) be the second derivative of -1/4*c**4 + 38*c + 0 + 0*c**3 - 1/180*c**6 - 1/24*c**5 + 0*c**2. Let p(d) be the third derivative of s(d). Give p(-4).
11
Let n = -8 - -5. Let k(p) = 6*p**2 + 9*p + 4. Suppose 5*f + 234 = 229. Let c(l) = -2*l**2 - 2*l. Let z(h) = f*k(h) - 2*c(h). Calculate z(n).
-7
Let a(k) = -7*k - 59. Let z be a(-15). Suppose 0 = -6*q - 10 + z. Let w(n) = q*n - 15*n + 8*n + 3*n**2. Calculate w(1).
2
Let l(m) = 2*m - 20. Let d(j) = 3*j + 62. Let h(a) = d(a) + l(a). Give h(-7).
7
Suppose 0 = 2*i + h, -2*i - 40*h = -41*h. Suppose 14 = 3*k - 8*k - 4*m, -4*m + 16 = i. Let w(j) = j + 14. What is w(k)?
8
Suppose -29*j + 39*j = -60. Let h(s) = -4 - 2*s - 7 + 2 + 0*s. Calculate h(j).
3
Suppose 24 = -12*k + 20*k. Let s(q) = 4*q - 10. Let n be s(k). Let r(v) = -3*v - 2*v**n + 0*v**2 + 368 - 371. Give r(-2).
-5
Let l(m) = -10*m**2 + 11*m. Let w(h) = 2*h**2 - h - 2. Let r(s) = -l(s) - 4*w(s). Give r(5).
23
Let l(b) = 7*b - 16. Let d be (2/7 + 0)/((-949)/(-26572)). Determine l(d).
40
Let t(i) = 5*i**2 - 9*i - 406 + 439 - 241*i**3 + 240*i**3. What is t(4)?
13
Let p(j) = -3*j**2 - 2*j + 1. Let w = -162 - -22. Let i = 70 + w. Let d = i - -68. Calculate p(d).
-7
Let v = 5862 - 5874. Let a(k) = k**3 + 12*k**2 + 5*k + 19. Give a(v).
-41
Let m be ((-11)/(-4))/((-2)/8). Let o = m + 18. Let c(x) = -21*x**3 - 22*x**2 + 6*x + 0 + 14*x**2 + 22*x**3 + 4. Give c(o).
-3
Let b(m) = -m + 1. Let j(y) = -8*y + 10. Let p(g) = -10*b(g) + j(g). Let t(l) = -l**2 - 7*l + 8. Let n be t(-8). Suppose n = -6*v + v - 20. What is p(v)?
-8
Let b(z) = -8 + z**3 + 0 - 9*z**2 - 23*z + 2*z**2 + 11 + 9*z**2. Calculate b(-5).
43
Let c(z) = z**3 - 14*z**2 + 13*z + 10. Suppose 31*h = 12*h + 247. Calculate c(h).
10
Let q(v) = v**3 + 15*v**2 + 35*v - 6. Let w be q(-12). Let a(m) = -7*m - 9. Calculate a(w).
-51
Let u(l) be the second derivative of 2/3*l**3 + 41*l + 0 + 5/12*l**4 + 0*l**2 + 1/20*l**5. What is u(-4)?
0
Let o = 2385 + -2375. Let d(p) = -p**2 + 9*p - 2. Determine d(o).
-12
Let z(d) = 7*d**3 - d**2 + d - 1. Let h be z(1). Suppose -3*b - h*b + 63 = 0. Let j(l) = b*l - 1 - 8*l + 4*l + l. Determine j(2).
7
Let f(c) = 733*c - 5 - 1471*c + 0 - 4 + 736*c. Calculate f(-5).
1
Let k(a) = -37 - 2*a + 64 - 5*a + 6*a - 37. Let x(u) = -u**3 + 17*u**2 - 12*u - 68. Let z be x(16). Give k(z).
-6
Let s(a) be the first derivative of a**2 + 6*a + 3. Suppose 36*u = 37*u + 3. Let l be (u/(-9))/(5/240*-4). Determine s(l).
-2
Let p(h) = -3*h - 30. Let u be (-6)/(-2) + -6 + (19 + -14)/(-5). What is p(u)?
-18
Let u(h) = 3*h**2 - 3*h. Let b(f) = 33*f + 1. Let t be b(-1). Let i = t + 36. Suppose 0 = i*v - 3*x - 23, 3*x - 5*x = 2*v + 6. Determine u(v).
6
Let y(p) = 9*p**2 - 5*p - 8. Let a be 2 - (6/(24/5) + 22/8). Calculate y(a).
38
Let f(n) = -48*n - 16. Let b(o) = 1. Let x(q) = -13*q - 2. Let u(k) = -2*b(k) + x(k). Let y(s) = -6*f(s) + 22*u